7?
11
Let l(j) = -j**2 - 19*j + 4. Let u be l(-15). Suppose 4*v = 8*v - u. What is the highest common divisor of v and 128?
16
Let m be -3*7/21 + 48. What is the greatest common divisor of 141 and m?
47
Let w = 401 + -212. What is the greatest common divisor of w and 14?
7
Let l(v) = -16 + 2*v - 3*v**2 + 2*v**2 + 13*v. Let y be l(13). Let o be -5*(-4)/y - -10. Calculate the greatest common factor of 12 and o.
12
Let f be 342*(-1 + 12/8). Let i be f/(-6)*(-12)/9. Calculate the greatest common divisor of 418 and i.
38
Let j = 482 + -465. Let z be (17/4)/(2/8). Calculate the highest common factor of j and z.
17
Let p(r) = 6*r + r**3 + 10*r - 5 - 27*r + 2*r**2 + 10*r. Let w be p(4). Calculate the greatest common factor of 29 and w.
29
Let j be 66/(-297) - 326/(-9). Suppose 0 = 3*q + v - 5*v - 27, 3*q - 27 = 5*v. Calculate the greatest common factor of j and q.
9
Suppose 0 = 2*p - 798 - 126. Calculate the greatest common factor of p and 770.
154
Suppose 7*m - 3*m - 112 = 0. Let r = 200 - 172. Calculate the greatest common factor of m and r.
28
Suppose 3582*g = 3574*g + 9472. What is the greatest common divisor of g and 48?
16
Suppose 0 = 16*h - 17*h + 136. Let u = h - 72. What is the greatest common divisor of u and 8?
8
Suppose 5*c + 115 = 4*l, -8*l + 4*l = c - 121. Let j be (9/12)/(21/(-56)). Let b be 330/99 + j/6. Calculate the greatest common factor of l and b.
3
Suppose 10 = 8*p - 3*p. Let o be 3/p - 21/(-14). Suppose 18 - o = 3*z. Calculate the greatest common factor of z and 5.
5
Let n(j) = -j + 6. Let z be n(5). Let b = -10 - -10. Suppose -5*h - 5*q + 38 - 8 = b, q - 27 = -4*h. What is the greatest common factor of h and z?
1
Suppose -5 = 3*i - 4*s, -4*i + 2*s - 30 = -8*i. Suppose -y - 5*o = -35, -2*o = -2*y - 0*o + 94. What is the highest common divisor of y and i?
5
Let j(b) = 2*b - 9. Let k be j(6). Let g = -163 + 166. Suppose -g*q - k*x + 36 = 0, 2*q + 0*x - 4*x - 54 = 0. What is the highest common divisor of 34 and q?
17
Let c(m) = 17*m - 10*m**2 + 11*m**2 + 15 - 3 - 6*m. Let t be c(-10). Suppose 0 = 5*s - s - 40. Calculate the greatest common divisor of s and t.
2
Suppose -45*a + 5590 = -43*a. Let t be a/39 + (-2)/(-6). What is the greatest common divisor of t and 18?
18
Let x = 36 - 28. Suppose -3*w + 9*f = 4*f - x, -3*w + 3*f + 18 = 0. What is the highest common factor of 99 and w?
11
Let i(g) = -29*g + 3. Let j be i(-5). Suppose 4*y - 12 = j. Calculate the highest common divisor of 10 and y.
10
Suppose 0 = y - 5*m + 41, -y + m - 19 = 2. Let g be 150/(-20)*y/6. Let s be 0 + -1 + 1 - -180. What is the greatest common factor of g and s?
20
Suppose -40*u - 120 = -42*u. Calculate the greatest common divisor of 40 and u.
20
Let x(i) = -i**2 + 11*i - 6. Let h = -26 + 26. Suppose h = -3*b + 2 + 25. Let y be x(b). Calculate the greatest common factor of y and 48.
12
Suppose 1619 = 4*d - u, -4*d + 3*u + 833 + 784 = 0. What is the greatest common divisor of 162 and d?
81
Let g be (-12)/30 - (-1134)/35. Let z(j) = j**2 - j + 2. Let h be z(3). Calculate the greatest common divisor of g and h.
8
Let r be 403*2*9/18. Calculate the highest common factor of 13 and r.
13
Let g(s) = -758*s - 11. Let l be g(-1). Calculate the greatest common divisor of 332 and l.
83
Suppose 3*m - 99 = 147. Suppose 0 = -5*n, -2*p - 12*n + 11*n + 82 = 0. What is the highest common divisor of p and m?
41
Let r(p) = p**2 + 3*p + 4. Let t be r(-5). Let y be ((0 - -2)*35)/(2 - 0). Calculate the highest common factor of y and t.
7
Let c(z) = 7*z**2 - 40*z - 5. Let t be c(6). Calculate the highest common divisor of 259 and t.
7
Let p be -5 + -5*(-5 - 3). What is the highest common divisor of p and 455?
35
Let w(g) = g**2 - 9*g + 40. Let u be 2/(2/(-51)*-3). Let d be w(u). Calculate the greatest common factor of 16 and d.
16
Let y be (-20)/(-70) - (-623)/49. Calculate the greatest common divisor of 247 and y.
13
Suppose -39 = -3*b + 54. What is the greatest common divisor of b and 155?
31
Suppose -2*j + 0*j - 4*k = 104, k - 177 = 3*j. Let h = 118 + j. What is the greatest common divisor of h and 40?
20
Let n be 7/((20 + -9)/22). Calculate the highest common divisor of 2114 and n.
14
Let a(c) = 9*c**3 + 3*c**2 + 8*c - 34. Let o be a(3). What is the highest common divisor of 40 and o?
20
Let y = 465 - 339. Calculate the highest common divisor of y and 36.
18
Let k = 815 + -699. Calculate the greatest common divisor of k and 319.
29
Suppose 0 = 5*q + 5*k - 3345, 4*k + 3372 = 15*q - 10*q. Calculate the greatest common factor of 42 and q.
42
Suppose -6*f - 6 = -3*f, -4*b = 4*f - 392. What is the greatest common divisor of b and 375?
25
Let p be 1/(5/(1578 + -3)). Suppose -p = -6*w + w. Calculate the greatest common divisor of w and 7.
7
Let g = 263 - 169. Suppose -y = z - g, -2*z + 4*z - 3*y = 168. Calculate the highest common factor of 15 and z.
15
Let q = -127 + 207. Let p(d) = -11*d**3 + 2*d + 1. Let i = -6 - -5. Let k be p(i). Calculate the greatest common factor of k and q.
10
Suppose 5 = -4*t + 3*c, 1 = 5*t - 10*t + 2*c. Let g be t/3 - (-1056)/(-9). Let n = g - -213. Calculate the highest common divisor of n and 24.
24
Let k(x) = x**3 - 6*x**2 + 7*x + 1. Let b be k(5). Suppose -4*a + 19*u - 23*u = -104, 5*u = 2*a - 24. What is the greatest common divisor of a and b?
11
Suppose 0 = -3*m - 3*z + 3, 3*z + 10 + 11 = 5*m. Suppose -m*o - 2 = 310. Let v be 2 + (-5)/(20/o). Calculate the greatest common factor of 252 and v.
28
Let c = 602 - 202. Calculate the greatest common factor of c and 300.
100
Suppose -2*k + 50 = -2*o, 2*k + 3*o - 55 = 4*o. Calculate the highest common divisor of k and 120.
30
Let z(w) = -15*w + 11. Let o be z(4). Let h = o - -129. Calculate the highest common divisor of 16 and h.
16
Let u(w) = -66*w**2 - 4*w - 1. Let f be u(3). Let d(l) = 319*l. Let c be d(-1). Let o = c - f. Calculate the highest common divisor of 32 and o.
32
Let y(t) = 1 - 2*t**2 + t + 4*t**2 + 2 - 3*t**2. Let w be y(0). Let x be -6*w/(-6) + 9. Calculate the greatest common factor of x and 8.
4
Suppose 3*y + 2*z - 5 = 0, 0 = 4*y - 4*z - 4 - 16. Suppose -68 - 2 = -3*m - j, 78 = y*m + 3*j. What is the highest common factor of m and 22?
22
Suppose r - 3*h = 42, 2*r + 16*h - 20*h - 76 = 0. Calculate the highest common factor of r and 240.
30
Let f be 8/2 - -53 - (-4 - -7). Calculate the greatest common factor of 6 and f.
6
Let c(u) = -u**3 + 10*u**2 - 4*u + 54. Let p be c(10). Suppose 140 + 196 = 3*n. What is the greatest common factor of n and p?
14
Let c = 522 - 204. What is the highest common factor of 3 and c?
3
Let h = -4 + 4. Suppose h = -c - 5*w + 14, 0*c - 5 = -c - 2*w. Let q be 30/(-4)*(c - 1). Calculate the highest common divisor of q and 6.
3
Let j(w) = 5*w**2 - 22*w - 22. Let b be j(6). Calculate the highest common factor of b and 65.
13
Suppose -z = 2*p - 3291, -2*z + 5*z - 4938 = -3*p. Calculate the greatest common factor of 70 and p.
35
Let j(f) = 9*f**2 + 27*f + 58. Let l be j(-2). Calculate the highest common divisor of l and 180.
20
Suppose 0 = -4*f - 80 + 20. Let d = 3 - f. Suppose 0 = 3*o - z + 4*z - 135, -2*z + 180 = 4*o. What is the highest common divisor of o and d?
9
Let i(q) = q**3 + q**2 + 2*q + 15. Let n be i(0). Let p = -258 - -423. Calculate the greatest common divisor of p and n.
15
Suppose -5*r + m + 44 = -208, 264 = 5*r + 3*m. Suppose 166 = h + r. Calculate the highest common factor of 23 and h.
23
Let m be -28*(77/(-14))/11. Suppose 499 = 3*b - 2*b. Let g = b - 345. What is the greatest common divisor of m and g?
14
Suppose 97 = 23*r - 156. Let i be ((-3)/(-2))/((-3)/(-6)). Suppose -2*j + 5*k + 420 = i*j, -j - 5*k = -108. What is the greatest common divisor of j and r?
11
Let x(q) = -q**3 - q**2 - 2*q - 2. Let t be x(-4). Let z(v) = 27*v - 2. Let i be z(2). Let w = i - 25. What is the greatest common factor of w and t?
27
Let c = 16 - -222. Suppose -c = -10*s - 68. Calculate the greatest common factor of 17 and s.
17
Let p be 24 - (2/2 - 3). Let y be (-13)/(p/(-360)) - -4. What is the highest common divisor of y and 23?
23
Let u be 1 + 2 + 28/(-14). Suppose u - 19 = 3*b - 4*p, 5*b + 19 = 3*p. Let j be 4*b/(24/(-57)). Calculate the highest common divisor of j and 76.
19
Suppose u = 15 - 5. Let k = -200 - -204. What is the greatest common factor of u and k?
2